{"id":31,"date":"2022-04-30T04:33:53","date_gmt":"2022-04-30T04:33:53","guid":{"rendered":"https:\/\/sirigadodopedro.com.br\/index.php\/demo-home-2\/"},"modified":"2022-07-14T00:29:07","modified_gmt":"2022-07-14T00:29:07","slug":"home","status":"publish","type":"page","link":"https:\/\/sirigadodopedro.com.br\/","title":{"rendered":"Home"},"content":{"rendered":"<div id=\"cs-content\" class=\"cs-content\"><\/div>\n","protected":false},"excerpt":{"rendered":"<p>nossa hist\u00f3riaEm frente \u00e0 pra\u00e7a mais movimentada da Lagoa Seca, um frigor\u00edfico foi montado para vender aves, carnes e peixes. Isso no ano 2000, quando o Sirigado do Pedro, o restaurante em si, ainda n\u00e3o existia. Pela proximidade ao cora\u00e7\u00e3o do bairro, o frigor\u00edfico se tornou um point de happy hour, onde os vizinhos, moradores da regi\u00e3o e amigos passaram &#8230;<\/p>\n","protected":false},"author":1,"featured_media":0,"parent":0,"menu_order":0,"comment_status":"closed","ping_status":"closed","template":"template-blank-4.php","meta":{"footnotes":""},"class_list":["post-31","page","type-page","status-publish","hentry","no-post-thumbnail"],"acf":[],"yoast_head":"<!-- This site is optimized with the Yoast SEO plugin v20.4 - https:\/\/yoast.com\/wordpress\/plugins\/seo\/ -->\n<title>Home - SIRIGADO DO PEDRO! - www.sirigadodopedro.com.br<\/title>\n<meta name=\"robots\" content=\"index, follow, max-snippet:-1, max-image-preview:large, max-video-preview:-1\" \/>\n<link rel=\"canonical\" href=\"https:\/\/sirigadodopedro.com.br\/\" \/>\n<meta property=\"og:locale\" content=\"pt_BR\" \/>\n<meta property=\"og:type\" content=\"article\" \/>\n<meta property=\"og:title\" content=\"Home - SIRIGADO DO PEDRO! - www.sirigadodopedro.com.br\" \/>\n<meta property=\"og:description\" content=\"nossa hist\u00f3riaEm frente \u00e0 pra\u00e7a mais movimentada da Lagoa Seca, um frigor\u00edfico foi montado para vender aves, carnes e peixes. Isso no ano 2000, quando o Sirigado do Pedro, o restaurante em si, ainda n\u00e3o existia. Pela proximidade ao cora\u00e7\u00e3o do bairro, o frigor\u00edfico se tornou um point de happy hour, onde os vizinhos, moradores da regi\u00e3o e amigos passaram ...\" \/>\n<meta property=\"og:url\" content=\"https:\/\/sirigadodopedro.com.br\/\" \/>\n<meta property=\"og:site_name\" content=\"SIRIGADO DO PEDRO! - www.sirigadodopedro.com.br\" \/>\n<meta property=\"article:modified_time\" content=\"2022-07-14T00:29:07+00:00\" \/>\n<meta name=\"twitter:card\" content=\"summary_large_image\" \/>\n<meta name=\"twitter:label1\" content=\"Est. tempo de leitura\" \/>\n\t<meta name=\"twitter:data1\" content=\"9 minutos\" \/>\n<script type=\"application\/ld+json\" class=\"yoast-schema-graph\">{\"@context\":\"https:\/\/schema.org\",\"@graph\":[{\"@type\":\"WebPage\",\"@id\":\"https:\/\/sirigadodopedro.com.br\/\",\"url\":\"https:\/\/sirigadodopedro.com.br\/\",\"name\":\"Home - SIRIGADO DO PEDRO! - www.sirigadodopedro.com.br\",\"isPartOf\":{\"@id\":\"https:\/\/sirigadodopedro.com.br\/#website\"},\"datePublished\":\"2022-04-30T04:33:53+00:00\",\"dateModified\":\"2022-07-14T00:29:07+00:00\",\"breadcrumb\":{\"@id\":\"https:\/\/sirigadodopedro.com.br\/#breadcrumb\"},\"inLanguage\":\"pt-BR\",\"potentialAction\":[{\"@type\":\"ReadAction\",\"target\":[\"https:\/\/sirigadodopedro.com.br\/\"]}]},{\"@type\":\"BreadcrumbList\",\"@id\":\"https:\/\/sirigadodopedro.com.br\/#breadcrumb\",\"itemListElement\":[{\"@type\":\"ListItem\",\"position\":1,\"name\":\"In\u00edcio\",\"item\":\"https:\/\/sirigadodopedro.com.br\/\"},{\"@type\":\"ListItem\",\"position\":2,\"name\":\"Home\"}]},{\"@type\":\"WebSite\",\"@id\":\"https:\/\/sirigadodopedro.com.br\/#website\",\"url\":\"https:\/\/sirigadodopedro.com.br\/\",\"name\":\"SIRIGADO DO PEDRO! - www.sirigadodopedro.com.br\",\"description\":\"Just another WordPress site\",\"potentialAction\":[{\"@type\":\"SearchAction\",\"target\":{\"@type\":\"EntryPoint\",\"urlTemplate\":\"https:\/\/sirigadodopedro.com.br\/?s={search_term_string}\"},\"query-input\":\"required name=search_term_string\"}],\"inLanguage\":\"pt-BR\"}]}<\/script>\n<!-- \/ Yoast SEO plugin. -->","yoast_head_json":{"title":"Home - SIRIGADO DO PEDRO! - www.sirigadodopedro.com.br","robots":{"index":"index","follow":"follow","max-snippet":"max-snippet:-1","max-image-preview":"max-image-preview:large","max-video-preview":"max-video-preview:-1"},"canonical":"https:\/\/sirigadodopedro.com.br\/","og_locale":"pt_BR","og_type":"article","og_title":"Home - SIRIGADO DO PEDRO! - www.sirigadodopedro.com.br","og_description":"nossa hist\u00f3riaEm frente \u00e0 pra\u00e7a mais movimentada da Lagoa Seca, um frigor\u00edfico foi montado para vender aves, carnes e peixes. Isso no ano 2000, quando o Sirigado do Pedro, o restaurante em si, ainda n\u00e3o existia. Pela proximidade ao cora\u00e7\u00e3o do bairro, o frigor\u00edfico se tornou um point de happy hour, onde os vizinhos, moradores da regi\u00e3o e amigos passaram ...","og_url":"https:\/\/sirigadodopedro.com.br\/","og_site_name":"SIRIGADO DO PEDRO! - www.sirigadodopedro.com.br","article_modified_time":"2022-07-14T00:29:07+00:00","twitter_card":"summary_large_image","twitter_misc":{"Est. tempo de leitura":"9 minutos"},"schema":{"@context":"https:\/\/schema.org","@graph":[{"@type":"WebPage","@id":"https:\/\/sirigadodopedro.com.br\/","url":"https:\/\/sirigadodopedro.com.br\/","name":"Home - SIRIGADO DO PEDRO! - www.sirigadodopedro.com.br","isPartOf":{"@id":"https:\/\/sirigadodopedro.com.br\/#website"},"datePublished":"2022-04-30T04:33:53+00:00","dateModified":"2022-07-14T00:29:07+00:00","breadcrumb":{"@id":"https:\/\/sirigadodopedro.com.br\/#breadcrumb"},"inLanguage":"pt-BR","potentialAction":[{"@type":"ReadAction","target":["https:\/\/sirigadodopedro.com.br\/"]}]},{"@type":"BreadcrumbList","@id":"https:\/\/sirigadodopedro.com.br\/#breadcrumb","itemListElement":[{"@type":"ListItem","position":1,"name":"In\u00edcio","item":"https:\/\/sirigadodopedro.com.br\/"},{"@type":"ListItem","position":2,"name":"Home"}]},{"@type":"WebSite","@id":"https:\/\/sirigadodopedro.com.br\/#website","url":"https:\/\/sirigadodopedro.com.br\/","name":"SIRIGADO DO PEDRO! - www.sirigadodopedro.com.br","description":"Just another WordPress site","potentialAction":[{"@type":"SearchAction","target":{"@type":"EntryPoint","urlTemplate":"https:\/\/sirigadodopedro.com.br\/?s={search_term_string}"},"query-input":"required name=search_term_string"}],"inLanguage":"pt-BR"}]}},"_links":{"self":[{"href":"https:\/\/sirigadodopedro.com.br\/index.php\/wp-json\/wp\/v2\/pages\/31","targetHints":{"allow":["GET"]}}],"collection":[{"href":"https:\/\/sirigadodopedro.com.br\/index.php\/wp-json\/wp\/v2\/pages"}],"about":[{"href":"https:\/\/sirigadodopedro.com.br\/index.php\/wp-json\/wp\/v2\/types\/page"}],"author":[{"embeddable":true,"href":"https:\/\/sirigadodopedro.com.br\/index.php\/wp-json\/wp\/v2\/users\/1"}],"replies":[{"embeddable":true,"href":"https:\/\/sirigadodopedro.com.br\/index.php\/wp-json\/wp\/v2\/comments?post=31"}],"version-history":[{"count":35,"href":"https:\/\/sirigadodopedro.com.br\/index.php\/wp-json\/wp\/v2\/pages\/31\/revisions"}],"predecessor-version":[{"id":127,"href":"https:\/\/sirigadodopedro.com.br\/index.php\/wp-json\/wp\/v2\/pages\/31\/revisions\/127"}],"wp:attachment":[{"href":"https:\/\/sirigadodopedro.com.br\/index.php\/wp-json\/wp\/v2\/media?parent=31"}],"curies":[{"name":"wp","href":"https:\/\/api.w.org\/{rel}","templated":true}]}}